*x. What is the units digit of a?
2
Let l(g) = -4 + 2*g**2 + 2 - g**2. What is the tens digit of l(4)?
1
Let b(n) = 4*n + 14. What is the tens digit of b(6)?
3
Let b = 52 + -10. What is the tens digit of b?
4
Suppose -5*h + 9 = -1. Suppose -9 = -5*u + h*u. Suppose 0 = 5*x + 5*a - 25, 4*a - 39 = -u*x + 7*a. What is the units digit of x?
9
Suppose -3*r = -659 - 532. What is the units digit of r?
7
Let r(s) = -4*s - 8. What is the units digit of r(-8)?
4
Let p = -2 - -3. What is the tens digit of 18/p - 2/1?
1
Suppose 2*h = h + 5. Let p be h/(-2)*76/(-5). Let j = p - 22. What is the units digit of j?
6
Let l = 51 + -33. What is the tens digit of l?
1
Let j(t) = 5*t**2 + 10*t - 7. Let q(k) = 3*k**2 + 7*k - 5. Let m(a) = 5*j(a) - 8*q(a). Suppose 2*w - 5 - 1 = 3*n, 2*w = n + 10. What is the units digit of m(w)?
5
Suppose 15 = 5*d, -5*d - 7 = s + 7. Let k = s + 51. What is the units digit of k?
2
Suppose 2*a = -6 - 4, 0 = -i + 3*a + 88. What is the units digit of i?
3
Suppose 5*j - 4*j - 170 = 0. What is the hundreds digit of j?
1
Let t = 15 - 9. Suppose 4*j - 4*f - 8 = 0, 2*j + 2*f - t = -18. What is the units digit of 2*j/(-4) - -1?
2
Suppose 0 = 3*f - 6*f + 1020. What is the tens digit of f?
4
Suppose 5*d = 35 + 70. Suppose 8 = 3*k - 2*h, -k - 3*h + d = -0*h. Suppose p = k*p - 35. What is the units digit of p?
7
Let w be ((-8)/(-2))/(4/4). What is the units digit of (-790)/(-25) - w/(-10)?
2
Let g = -3 + 4. Suppose 0 = -3*s + g + 5. Suppose 0 = -4*i + s*i - 6, -4*t + 4*i = -36. What is the units digit of t?
6
Suppose 3*c + 0*c - 4*j - 11 = 0, 4*c - 32 = j. What is the units digit of 1/(3/(-6)) + c?
7
Suppose 5*v - 2 = -t - 3*t, 3*v = -4*t + 6. Suppose -t*o = -2 - 7. Suppose -o*x + 0*x + 21 = 0. What is the units digit of x?
7
Suppose 3*m + s - 10 = 0, -5*m + 0*m = -4*s + 6. Suppose -5*t = -4*t - m. What is the tens digit of 1 + 14 + t + 1?
1
Let r(p) be the third derivative of p**6/120 - p**5/30 - p**4/6 + p**3/3 + 5*p**2. What is the tens digit of r(4)?
1
Suppose 6*t - 38 = 250. What is the tens digit of t?
4
Let g = 21 + -1. Suppose -o = 4*o - g. Suppose o*c - 9 = 23. What is the units digit of c?
8
Suppose -l = 1 - 8. Let x = l - 4. What is the units digit of x?
3
Let k = -10 - -28. Suppose -n = -2*i + n - 2, -k = -3*i - 4*n. Suppose 0 = -i*x + x + 11. What is the units digit of x?
1
Let p(r) = 2*r - 4. Let c be p(4). Suppose c*l + 24 = 4*x - 2*x, -5*l = 20. What is the units digit of x?
4
What is the tens digit of (-193)/(-4) + 36/48?
4
Let c = 25 - 40. What is the units digit of 1*c/(-6)*2?
5
Let d = 7 - 0. Suppose 5*f = -3*i + 2, 4*f + d + 9 = 2*i. Suppose 0 = -i*a - u + 84, -36 = 5*a + 5*u - 126. What is the units digit of a?
2
Let g be (-3)/(-5) - (-7)/5. Suppose 4 + 2 = g*f. What is the units digit of f?
3
Let h(i) = -i**3 - 2*i**2 + i - 1. Let x be h(-3). Let u be 73/x - 10/(-25). Suppose 3*k - u = -0*k. What is the units digit of k?
5
Suppose 4*s - 26 = 3*g - 65, -4*g + 14 = s. Let j = s - -3. Let d(l) = -l**3 - 3*l**2 - 3*l. What is the units digit of d(j)?
9
Let f(s) = -10*s + 2. Let q be f(-2). Suppose -23 = -5*c + q. Let r = c - 1. What is the units digit of r?
8
Let t be (4/(-8))/(1/36). Let z be (2 - -3)*-1*1. Let j = z - t. What is the units digit of j?
3
Let s(k) be the second derivative of k**5/20 - 5*k**4/12 - 5*k**3/6 + 3*k**2 - 4*k. What is the units digit of s(6)?
2
Suppose 0 = -5*q + i - 6*i - 35, -28 = 2*q - 5*i. Let d be (33/q)/((-1)/3). Suppose -5 = -4*m + d. What is the units digit of m?
4
Let x be 6/(1*(-6)/(-4)). Suppose x*t + 136 = 2*d + 2*d, 5*t = 0. What is the tens digit of d?
3
Suppose 530 = 4*a + 114. What is the tens digit of a?
0
Let x = -3 + 3. Suppose 2*r + 3*r = 20, x = -o + 3*r + 15. What is the tens digit of o?
2
Let d(v) = -110*v**3 + 3*v**2 - 1. What is the units digit of d(-1)?
2
Let z = -13 + 10. What is the units digit of 3 - (6 - 3)/z?
4
Let l(x) = 5*x**3 + 2*x**2 + 3*x + 1. Let g be l(-3). Let p = 71 + g. What is the units digit of 6/21 + p/(-7)?
8
Let q(a) = -a + 1. Let d be q(-4). Suppose -205 = -6*w + d. What is the tens digit of w?
3
Let y(r) = r**3 - 5*r. Let m be y(4). What is the units digit of m/8 - (-2)/(-4)?
5
Let u(o) = -2*o + 4. What is the units digit of u(-8)?
0
Suppose -3*t + t - 21 = -p, -5*t = 3*p + 36. What is the units digit of 0 + 0 - (t - 32)?
1
Suppose 0*h - 5*h + 160 = 0. Suppose -4*t + h = -12. What is the units digit of t?
1
What is the units digit of -38*3*(-1)/6?
9
What is the units digit of 4 + (-2)/(4/(-78))?
3
Suppose 0*d = -5*d + 3*g - 67, -g = -4. Let l = d - -30. What is the units digit of l?
9
Let d = -53 - -383. What is the tens digit of 4/(-18) + d/27?
1
What is the hundreds digit of 53*(5 + -6 - -4)?
1
Let u(v) = -v**3 - 5*v**2 - 2*v + 6. What is the units digit of u(-6)?
4
Let o = -59 + 148. What is the tens digit of o?
8
Let y = 1 - 1. Suppose 4*u = 2*x - 20, y = -2*x - 2*x + 2*u + 70. Suppose -5*o - 4 = -j, -5*j - 3*o + x = -8*o. What is the units digit of j?
4
Let b = 10 + 32. Suppose -b = -5*a - 12. What is the units digit of a?
6
Let x be (-15)/20 - (-2949)/12. Suppose -4*a = a - x. What is the units digit of a?
9
Let g be ((-2)/3)/((-5)/15). Suppose g*s = 5*s - 3. What is the units digit of s?
1
Let w(n) = -n**3 + 9*n**2 - 5*n + 18. What is the tens digit of w(8)?
4
Let z = -18 - -23. Suppose c + 2*s = -0*s + 46, -s + 221 = z*c. What is the units digit of c?
4
Let c(h) = -h**3 + 10*h**2 + 13*h - 10. What is the tens digit of c(11)?
1
Suppose -4*b = 0, -3*b = 4*v - 0*v. Suppose -4*w - 5*j = -35, v = j - 2 + 7. Let m = w + -9. What is the units digit of m?
6
Let c(z) = z**3 + z + 2. Let m be c(-2). Let p(b) = 17*b**2 - 16*b**2 + 5*b - 13 + 3. What is the units digit of p(m)?
4
Let v be 8 - (4 + -5) - 2. What is the units digit of -11 + v - (-57 - 2)?
5
Let q be (2 - -1)/(-3)*-8. Suppose q*t = 4*t. Suppose -5*c + 12 = -3*c - 2*i, t = -4*c - i + 24. What is the units digit of c?
6
Let w(y) = -y**3 - 4*y**2 - y - 1. Let q be w(-4). Suppose -48 = -2*v - v + 3*i, 2*v - 33 = q*i. What is the units digit of v?
5
Let g(v) = -v**3. Let t(q) = -q**3 - 10*q**2 + 6*q - 8. Let u(h) = 2*g(h) - t(h). What is the units digit of u(9)?
5
Suppose 2*u - 6 = -2*h, -5*h + u + 25 = -4*u. Suppose 7*r + 3*y - 21 = 4*r, -4*r + 4*y - h = 0. Let i = r - 1. What is the units digit of i?
2
Let v = 197 - 127. What is the tens digit of v?
7
Suppose -5*m = -2*m - 3. What is the units digit of m*(-2)/(2/(-19))?
9
Let y be -1*(3 - 2) - -2. Suppose -b + 8 = y. What is the units digit of b?
7
Suppose 0 = -u - 4 - 12. Let x(a) = -2*a**2 - 5*a + 4. Let p be x(-4). Let w = p - u. What is the units digit of w?
8
What is the tens digit of 4*-1*(-26 + 3)?
9
Let s = -97 - -69. Let g = -1 + -19. Let a = g - s. What is the units digit of a?
8
Let m(q) = -11*q**2 + 2*q + 1. Let g be m(2). What is the units digit of (-1)/(-2)*(-5 - g)?
7
Let p(z) = -z. Let u(j) = 2*j + 3. Let n(s) = -p(s) + u(s). Let w be n(9). What is the units digit of 2/(-6) + 160/w?
5
Suppose -10 = 3*k + 2. Let a be 63/5 - k/10. Let m = a + -5. What is the units digit of m?
8
Suppose -4*m - m = -5*t, -4*m - 2*t + 6 = 0. Let p be (m + -1 + -1)*-18. Suppose -2*b = -2*g + p, -5*g - 4 + 37 = -2*b. What is the units digit of g?
5
Let u(k) be the second derivative of -k**3/3 - 5*k**2/2 - 3*k. Let q(t) = -4*t - 11. Let n(d) = -4*q(d) + 9*u(d). What is the units digit of n(-1)?
1
Let z(a) = -a**2 + 12*a - 14. What is the units digit of z(7)?
1
Let r(q) = 2*q**2 + 11*q. What is the tens digit of r(6)?
3
Let r = 52 - -17. What is the tens digit of r?
6
What is the hundreds digit of 8 + -6 + -6 + 367?
3
Let a = -6 + 8. Suppose o = 2*u + u + 14, 4*o - a*u - 46 = 0. What is the tens digit of o?
1
Let q(s) = -2*s**3 - 6*s**2 + 3*s - 9. What is the units digit of q(-5)?
6
Let c(i) = -i + 1. Suppose 2*l = -2 - 2. What is the units digit of c(l)?
3
Suppose -4*h + 4*d + 23 + 109 = 0, 5*d + 127 = 4*h. What is the tens digit of h?
3
Let s be 2/5 + (-34)/10. Let h be s/12 - (-42)/8. Suppose 5*d = -h*f + f - 11, -4*f - 4*d = 8. What is the units digit of f?
1
Let g = -61 - -35. What is the tens digit of (g/(-6))/((-4)/(-12))?
1
Let f be (36/12)/(3/(-34)). What is the tens digit of (-1)/(1/f*2)?
1
Suppose -2*x + c + 14 = 0, -4*x = x + c - 42. Suppose